False
Is 18 a factor of 194149331?
False
Is 123 a factor of 17222305?
False
Is 35 a factor of 1392260922?
False
Does 1499 divide 38390889?
True
Is 1922596795 a multiple of 2359?
True
Does 138 divide 4068007?
False
Does 23 divide 26617688?
False
Does 33 divide 22290374?
False
Does 237 divide 110739845?
False
Does 830 divide 827231100?
False
Is 15 a factor of 82823054?
False
Is 117972348 a multiple of 1508?
True
Does 5298 divide 1796313390?
True
Is 24 a factor of 3588249?
False
Is 505934352 a multiple of 2163?
True
Is 3 a factor of 2384079?
True
Does 658 divide 920383422?
True
Is 712 a factor of 36780803?
False
Does 2160 divide 85646708?
False
Does 40 divide 22114594?
False
Is 99883822 a multiple of 9?
False
Is 1409 a factor of 217253710?
True
Is 87186728 a multiple of 3?
False
Does 192 divide 456033792?
True
Is 201507987 a multiple of 2805?
False
Is 294 a factor of 44418872?
False
Is 3109336065 a multiple of 21?
False
Is 6 a factor of 50512913?
False
Is 1576 a factor of 73887608?
True
Is 177731550 a multiple of 18?
True
Is 3735873467 a multiple of 461?
True
Does 521 divide 160232508?
True
Does 12 divide 163969338?
False
Is 142364916 a multiple of 1548?
True
Is 3023327114 a multiple of 8?
False
Does 53 divide 1038636336?
True
Is 2450905 a multiple of 192?
False
Is 11618981 a multiple of 5?
False
Does 692 divide 335488520?
True
Is 1302499695 a multiple of 15?
True
Does 13 divide 1457841217?
False
Is 427689334 a multiple of 248?
False
Is 65 a factor of 19599125?
True
Is 1865 a factor of 502386644?
False
Is 20 a factor of 7637680?
True
Does 160 divide 45694080?
True
Does 56 divide 66794804?
False
Is 26499700 a multiple of 20?
True
Does 135 divide 3791340?
True
Is 128513616 a multiple of 1624?
True
Is 2710 a factor of 333955408?
False
Is 177952450 a multiple of 910?
False
Is 16603409 a multiple of 185?
False
Does 79 divide 218218786?
False
Is 5152 a factor of 106368192?
True
Is 20 a factor of 2355380?
True
Is 78 a factor of 443086020?
True
Is 98 a factor of 1070287204?
True
Is 34154159 a multiple of 732?
False
Does 382 divide 45187251?
False
Is 381272417 a multiple of 6053?
True
Is 139072350 a multiple of 15?
True
Is 228852764 a multiple of 14?
True
Is 53 a factor of 1441473701?
True
Does 219 divide 43917104?
False
Is 623091073 a multiple of 2299?
True
Is 21 a factor of 868056904?
False
Does 331 divide 1287686321?
True
Is 80460716 a multiple of 4738?
True
Is 122 a factor of 94645156?
False
Is 35090923 a multiple of 7?
True
Is 232332135 a multiple of 94?
False
Is 826065726 a multiple of 177?
True
Is 30798105 a multiple of 13?
True
Does 13 divide 1051931?
False
Is 437 a factor of 19527311?
False
Is 5499 a factor of 1163016504?
True
Is 396 a factor of 6090261?
False
Does 3967 divide 287349645?
True
Is 79426922 a multiple of 2237?
True
Is 13004680 a multiple of 52?
True
Is 4316 a factor of 1446213947?
False
Is 246480185 a multiple of 35?
True
Is 124525350 a multiple of 15?
True
Does 190 divide 21313060?
True
Is 16751210 a multiple of 5?
True
Is 155579060 a multiple of 1820?
True
Does 3 divide 1921805?
False
Does 20 divide 12765920?
True
Is 165 a factor of 24542201?
False
Does 188 divide 540568620?
True
Is 7462849 a multiple of 3?
False
Is 2436844 a multiple of 17?
False
Does 99 divide 78130503?
True
Is 23 a factor of 418250653?
True
Is 55399336 a multiple of 19?
False
Does 3 divide 88786932?
True
Is 286 a factor of 49621858?
True
Does 9039 divide 4774219020?
True
Is 35628096 a multiple of 1082?
True
Is 15 a factor of 309344640?
True
Is 387733347 a multiple of 739?
True
Is 168667020 a multiple of 282?
True
Is 1293213236 a multiple of 8842?
True
Is 222617978 a multiple of 22?
True
Is 859183347 a multiple of 201?
False
Does 908 divide 21861916?
True
Is 153266418 a multiple of 2511?
True
Is 119 a factor of 444247516?
False
Does 34 divide 939180516?
False
Is 55306086 a multiple of 231?
False
Is 5 a factor of 45116640?
True
Is 16347221 a multiple of 11?
True
Does 8 divide 97593270?
False
Does 20 divide 262549220?
True
Does 39 divide 107963616?
False
Is 155 a factor of 141772373?
False
Is 2 a factor of 9552443?
False
Is 14 a factor of 10251026?
False
Does 230 divide 941148985?
False
Is 108235725 a multiple of 75?
True
Is 7955847 a multiple of 6?
False
Is 535 a factor of 395643355?
False
Does 122 divide 2549052128?
False
Does 1437 divide 384619272?
False
Is 227147054 a multiple of 334?
True
Is 220527900 a multiple of 242?
False
Is 286 a factor of 54088034?
True
Is 45 a factor of 24167062?
False
Is 466079038 a multiple of 14?
False
Is 226486507 a multiple of 3540?
False
Is 39 a factor of 1374284808?
True
Is 288712069 a multiple of 9?
False
Is 398 a factor of 8894766?
False
Does 412 divide 7393382?
False
Is 6 a factor of 643611182?
False
Does 20 divide 2513842?
False
Is 489 a factor of 211069276?
False
Is 61 a factor of 652223285?
True
Is 64 a factor of 562800832?
True
Is 143 a factor of 286256256?
True
Does 60 divide 1886766360?
True
Is 409 a factor of 22069789?
False
Is 627134166 a multiple of 6?
True
Does 19 divide 509187723?
False
Is 316335530 a multiple of 355?
True
Is 464 a factor of 53412432?
True
Is 28 a factor of 52588092?
False
Does 5684 divide 497076660?
False
Is 58303574 a multiple of 283?
False
Does 55 divide 16171430?
True
Does 5 divide 135131490?
True
Is 721576005 a multiple of 789?
True
Is 78540750 a multiple of 1005?
True
Is 2350525002 a multiple of 33?
False
Is 18536175 a multiple of 21?
True
Is 25 a factor of 16169025?
True
Is 13765628 a multiple of 662?
True
Is 618 a factor of 162742884?
True
Does 2 divide 21580154?
True
Does 16 divide 25845024?
True
Is 55 a factor of 105486535?
True
Is 9 a factor of 629057462?
False
Is 65575419 a multiple of 242?
False
Is 114803944 a multiple of 10?
False
Does 2727 divide 31778153?
False
Does 2244 divide 79830300?
True
Does 14 divide 759666736?
False
Is 4977924 a multiple of 6?
True
Is 1656963680 a multiple of 39?
False
Does 2 divide 9918704?
True
Does 843 divide 2184841035?
True
Does 4539 divide 69233367?
True
Is 60 a factor of 1529384?
False
Is 1657598499 a multiple of 243?
True
Does 40 divide 14407824?
False
Is 2054634600 a multiple of 1455?
True
Is 85658298 a multiple of 12?
False
Is 872285289 a multiple of 57?
False
Is 29 a factor of 3736213188?
False
Does 5 divide 61108468?
False
Does 63 divide 2971364295?
False
Is 48 a factor of 15818815?
False
Does 1847 divide 1250138010?
False
Is 144718989 a multiple of 610?
False
Is 310240926 a multiple of 18?
True
Does 165 divide 3980182947?
False
Does 18 divide 76745163?
False
Is 767 a factor of 260518453?
True
Does 116 divide 47569260?
False
Is 266162652 a multiple of 123?
True
Does 12 divide 18769310?
False
Is 146 a factor of 21362136?
True
Is 102 a factor of 1116044934?
True
Is 82848404 a multiple of 86?
False
Is 27 a factor of 40407548?
False
Is 4622 a factor of 2560920784?
True
Does 11 divide 190970971?
False
Is 563620246 a multiple of 10339?
True
Is 120 a factor of 7208640?
True
Does 174 divide 225808804?
False
Is 98 a factor of 18616570?
True
Is 17 a factor of 17667981?
True
Is 493249493 a multiple of 866?
False
Does 107 divide 22351089?
False
Is 2461 a factor of 3858848?
True
Is 1722266442 a multiple of 837?
True
Is 14069949 a multiple of 246?
False
Does 522 divide 211542066?
True
Is 1187 a factor of 95986598?
False
Is 477 a factor of 13455216?
True
Does 19 divide 1282632581?
False
Is 85 a factor of 51486892?
False
Is 87974707 a multiple of 110?
False
Is 1349128922 a multiple of 5?
False
Is 127045970 a multiple of 95?
True
Does 41 divide 18945403?
True
Does 17 divide 90197529?
True
Does 12 divide 183263496?
True
Is 355 a factor of 40974810?
True
Is 836163350 a multiple of 10?
True
Is 521697704 a multiple of 59?
False
Is 1998 a factor of 232029738?
True
Is 267931712 a multiple of 60?
False
Is 92 a factor of 1077585144?
True
Does 31 divide 10948323?
False
Is 154289883 a multiple of 82?
False
Is 245257533 a multiple of 23?
True
Does 8 divide 197773856?
True
Does 471 divide 240267100?
False
Is 1124899719 a multiple of 53?
True
Is 114 a factor of 381816922?
False
Is 17 a factor of 11364992?
False
Is 352733105 a multiple of 318?
False
Is 2087 a factor of 5097914900?
True
Is 3428041 a multiple of 101?
True
Is 2 a factor of 195741998?
True
Is 8973462 a multip